 = 732*k + 5869. Calculate x(-10).
-1451
Let g(m) = -2*m**3 - 128*m + 1058. What is g(10)?
-2222
Let p(o) = -o**3 + 32*o**2 + 42*o - 70. What is p(33)?
227
Let s(p) = -70550*p + 846593. Calculate s(12).
-7
Let v(t) = -3*t**3 + 25*t**2 - 136*t + 1009. Calculate v(8).
-15
Let q(g) = -g**2 - 105*g - 1312. What is q(-71)?
1102
Let u(n) = 25*n**2 - 168*n + 277. Calculate u(6).
169
Let n(a) = 31*a**3 - 481*a**2 - 227*a - 203. Determine n(16).
5
Let w(o) = 2*o**3 - 428*o**2 + 424*o + 387. Calculate w(213).
-39
Let h(b) = 9972*b**2 - 149589*b - 8. What is h(15)?
-143
Let s(g) = 24*g**2 + 35998*g - 35998. Determine s(1).
24
Let k(g) = 240370*g - 38459196. Determine k(160).
4
Let z(l) = -l**3 - 92*l**2 - 283*l + 6053. What is z(-88)?
-19
Let n(h) = -58972*h + 4894672. Determine n(83).
-4
Let y(w) = -111721*w + 782043. What is y(7)?
-4
Let q(y) = y**2 - 595*y - 1798. Calculate q(-3).
-4
Let s(d) = -2*d**2 + 1371*d - 119980. Calculate s(103).
15
Let h(q) = 50*q**2 + 3396*q - 320. Determine h(-68).
-48
Let f(j) = -2831*j + 348331. Give f(123).
118
Let c(r) = r**3 + 20*r**2 - 52*r - 52. Calculate c(4).
124
Let k(h) = -27636*h + 55164. Determine k(2).
-108
Let i(x) = 1656*x - 296421. Determine i(179).
3
Let g(z) = 195*z**2 + 1394*z - 39. What is g(-7)?
-242
Let i(s) = -288*s**2 - 27371*s - 1064. Determine i(-95).
-19
Let i(v) = -109*v**3 - 7*v**2 + 20*v - 1. Calculate i(2).
-861
Let l(o) = o**3 + 14*o**2 - 182*o - 15. Calculate l(0).
-15
Let i(h) = -1928*h - 1264746. Determine i(-656).
22
Let r(i) = 10601*i + 10597. What is r(-1)?
-4
Let j(g) = -3*g**3 + 374*g**2 + 2759*g - 31. Determine j(-7).
11
Let l(i) = 23*i**2 + 31*i + 340. Give l(-11).
2782
Let a(f) = -190*f + 26982. Give a(142).
2
Let b(f) = 2193*f + 335566. Give b(-153).
37
Let v(d) = -1820*d**2 - 2*d - 652. What is v(0)?
-652
Let f(g) = 1862*g**2 + 389*g + 388. Give f(-1).
1861
Let z(h) = -3*h**2 - 65*h - 245. What is z(-14)?
77
Let g(s) = -308*s - 576. What is g(-4)?
656
Let j(b) = 6*b**3 + 331*b**2 + 81*b + 451. What is j(-55)?
-979
Let j(g) = -4*g**2 + 151*g + 2675897. Determine j(837).
8
Let x(d) = 858*d - 19638. What is x(24)?
954
Let v(y) = y**3 + 13*y**2 + 26*y - 233. Calculate v(-12).
-401
Let u(y) = y**2 - 126*y + 937. Give u(120).
217
Let f(h) = -725*h + 44303. Determine f(61).
78
Let p(k) = 6*k**2 - 486*k - 465. What is p(83)?
531
Let i(o) = -o**3 + 52*o**2 - 499*o - 1585. Determine i(18).
449
Let v(r) = -6*r**3 + 6071*r**2 - 29198*r - 5031. Give v(1007).
4
Let x(v) = -4*v**3 + 506*v**2 + 9167*v + 758. Determine x(-16).
6
Let a(x) = 10*x**2 + 220*x + 1120. Calculate a(-14).
0
Let s(f) = -4*f**3 - 383*f**2 - 3347*f + 584. Determine s(-86).
-18
Let x(l) = -14*l**2 + 262*l - 3. Calculate x(19).
-79
Let c(v) = -2*v**3 - 16*v**2 + 38*v + 90. Give c(-9).
-90
Let a(t) = -9*t**2 + 984*t + 673. Determine a(110).
13
Let h(x) = -x**2 + 3418*x + 30855. What is h(-9)?
12
Let i(g) = 4*g**3 - 97*g**2 - 132*g + 649. Determine i(2).
29
Let c(n) = -323*n - 10542. What is c(-33)?
117
Let c(m) = -m**3 + 189*m**2 - 2300*m + 2081. What is c(176)?
-31
Let x(o) = 24*o**2 - 305*o - 11823. Determine x(-17).
298
Let p(q) = -q**3 - 607*q**2 - 66025*q + 2320. Calculate p(-465).
-5
Let b(n) = n**3 + 94*n**2 - 196*n - 194. Give b(-96).
190
Let x(m) = 17650*m + 917782. Give x(-52).
-18
Let n(z) = -z**2 + 827*z - 38. Calculate n(0).
-38
Let b(r) = -3*r**2 - 4446*r - 52935. Give b(-12).
-15
Let q(t) = -194*t + 1822. What is q(6)?
658
Let v(q) = 6*q**3 - 8*q**2 + 17550*q + 17555. Determine v(-1).
-9
Let j(w) = 770*w + 20393. Determine j(-26).
373
Let x(u) = -1171*u - 2637. What is x(-2)?
-295
Let j(k) = -4*k**3 + 297*k**2 + 230*k + 44. What is j(75)?
419
Let r(o) = 13208*o + 607688. Determine r(-46).
120
Let b(i) = -253*i - 2605. Give b(-11).
178
Let h(a) = -a**3 - 59*a**2 - 3363*a - 198409. What is h(-59)?
8
Let s(o) = 2*o**3 + 27*o**2 - 150*o + 10. Calculate s(-15).
1585
Let x(q) = -q**2 - 14*q + 51. What is x(0)?
51
Let y(k) = -10*k**2 + 236*k - 3336. Calculate y(14).
-1992
Let s(b) = b**2 + 39*b + 514. Calculate s(-29).
224
Let i(n) = -n**2 - 5586*n - 1520811. Determine i(-287).
2
Let r(v) = v**3 - 338*v**2 - 3494*v + 4762. What is r(348)?
-110
Let u(n) = -19*n**2 + 591*n - 1059. What is u(2)?
47
Let f(g) = g**3 - 167*g**2 - 4362*g - 1027. Give f(190).
493
Let d(h) = -4*h**3 + 1471*h**2 - 1508*h + 149390. Determine d(367).
21
Let b(v) = -v**3 - 41*v**2 + 20193*v + 3557. What is b(-164)?
113
Let o(j) = -27620*j - 883834. What is o(-32)?
6
Let s(q) = 66*q**2 - 212*q - 1279. Give s(-6).
2369
Let n(u) = -71821*u + 2298296. Give n(32).
24
Let q(l) = l**2 - 438*l + 30722. Give q(92).
-1110
Let b(j) = -j**3 - 519*j**2 + 703*j - 181. Determine b(1).
2
Let w(m) = 202072*m + 5860101. What is w(-29)?
13
Let n(p) = -p**3 - 135*p**2 - 1578*p - 120649. Give n(-130).
-9
Let v(l) = -l**2 + 445*l + 8771. Calculate v(-19).
-45
Let s(u) = u**3 - 116*u**2 + 3020*u + 72. Determine s(40).
-728
Let p(w) = w**2 + 2231*w - 94204. Determine p(42).
1262
Let j(g) = 692395*g - 46390465. Determine j(67).
0
Let t(g) = 902*g**2 + 4038*g - 8244. Calculate t(-6).
0
Let h(v) = 1798*v - 952931. What is h(530)?
9
Let m(q) = 948*q + 1335. Determine m(0).
1335
Let p(r) = -54*r**2 - 7440*r - 93574. What is p(-14)?
2
Let i(c) = -1522*c - 8733. Determine i(-6).
399
Let c(k) = 88*k - 2195. What is c(7)?
-1579
Let z(y) = -278244*y + 278262. What is z(1)?
18
Let z(h) = 2*h**3 - 141*h**2 + 225*h - 727. Determine z(69).
515
Let v(a) = -794*a**2 - 24498*a + 3605. Give v(-31).
9
Let g(w) = -16*w**3 - 111*w**2 + 13*w + 60. Give g(-7).
18
Let y(x) = 2023*x - 12688. Determine y(6).
-550
Let i(p) = 8*p**2 + 3925*p + 320822. What is i(-387)?
-1
Let k(l) = -l**3 - 5*l**2 - 266*l - 2027. Calculate k(-8).
293
Let y(w) = -w**3 - 4*w**2 - 4775*w - 53374. Determine y(-11).
-2
Let r(t) = t**3 + 98*t**2 - 2781*t + 70. Give r(23).
116
Let u(f) = 2*f**3 + 30*f**2 - 3323*f + 23646. Give u(8).
6
Let u(z) = -15*z**2 - 1724*z + 3604. What is u(-117)?
-23
Let r(p) = 23757*p - 285064. Calculate r(12).
20
Let w(c) = -6*c**3 + 2868*c**2 + 2880*c - 2867. Give w(479).
7
Let t(b) = 8*b**2 + 128*b + 405. What is t(-3)?
93
Let y(l) = -27*l**3 + 43*l**2 + 45*l + 87. What is y(-3)?
1068
Let m(u) = 21*u**3 + 143*u**2 + 1265*u + 9053. Calculate m(-7).
2
Let b(o) = 166*o**3 - 1012*o**2 + 117*o - 120. What is b(6)?
6
Let w(m) = -3461*m - 62445. Give w(-18).
-147
Let s(j) = -3473*j + 13954. What is s(4)?
62
Let w(o) = -2*o**3 - 92*o**2 + 71*o + 248. Calculate w(-47).
1329
Let v(z) = -z**2 + 361*z - 31966. Give v(156).
14
Let w(y) = -2115*y - 894643. Determine w(-423).
2
Let n(o) = -358*o + 21486. What is n(60)?
6
Let v(w) = w**3 + 39*w**2 - 2026*w - 28208. Calculate v(-12).
-8
Let q(l) = 39689*l - 159248. Calculate q(4).
-492
Let r(d) = -21*d**2 - 107006*d - 214002. What is r(-2)?
-74
Let r(y) = -637*y**2 - 9569*y + 20. Determine r(-15).
230
Let y(b) = -3*b**3 - 18*b**2 + 87*b - 23. Calculate y(7).
-1325
Let x(u) = 57*u**2 - 305*u + 134. What is x(5)?
34
Let x(d) = 4*d**2 - 37646*d - 678903. What is x(-18)?
21
Let j(b) = -128*b - 549. What is j(-1)?
-421
Let z(o) = 5*o**2 + 3315*o + 35929. Calculate z(-11).
69
Let v(u) = 1021*u - 22831. What is v(23)?
652
Let k(z) = -2*z**2 - 1942*z + 21534. What is k(11)?
-70
Let z(u) = -2*u**3 + 140*u**2 - 147*u + 558. Give z(69).
-63
Let f(w) = w**3 + 11*w**2 - 25*w - 320. Give f(6).
142
Let k(q) = -4*q**3 + 73*q**2 - 317*q + 5348. Give k(18).
-34
Let f(g) = 4*g**2 + 205*g + 246. What is f(-52)?
402
Let g(v) = -1429*v - 84424. Determine g(-59).
-113
Let f(k) = -2*k**3 - k**2 + 33*k + 146. Calculate f(-3).
92
Let q(r) = 2*r**3 - 585*r**2 + 291*r + 366. Calculate q(292).
74
Let m(y) = -23*y**2 + 5656*y - 5129. Give m(245).
16
Let z(w) = -8633*w - 284913. What is z(-33)?
-24
Let a(b) = 3*b**2 + 8479*b - 25449. Calculate a(3).
15
Let h(g) = -113*g - 2383. Give h(-29).
894
Let m(j) = -77*j - 849. Calculate m(-7).
-310
Let n(d) = -d**2 - 4234*d - 12693. Calculate n(-3).
0
Let n(u) = 2*u**3 - 62*u**2 + 2785*u - 23648. Determine n(10).
2
Let s(a) = 45*a**2 - 4811*a + 4328. What is s(106)?
-18
Let t(y) = -2573*y + 5157. Determine t(2).
11
Let o(i) = i**3 - 66*i**2 + 259*i - 205. What is o(3)?
5
Let v(z) = -3082*z - 671820. Give v(-218).
56
Let k(y) = -y**2 + 584*y - 2